 24 - 14 - -5?
-24
What is 9 + -1 + (-13 - -12) + -3?
4
-27 - -14 - 2 - -31
16
What is the value of 14 + (7 - 1 - (60 + -30))?
-10
8 + (-31 - -37) + (-13 - 0)
1
Evaluate -5 + (-5 + 6 + -4 + -2 - 2).
-12
What is 1 + -16 + (-7 - -62 - 27)?
13
-1 - (-14 + 2 + -1 - -7)
5
Calculate -2 + (6 - 3) + 2 + (1 - 15).
-11
Evaluate (4 - 0) + -9 + 26 + -31 + 1.
-9
What is (-14 - 4 - (-34 + 1)) + (9 - -1)?
25
What is the value of -3 + ((-1 - (2 + 2)) + 2 - 6)?
-12
What is the value of -5 + (-19 + 4 - -9)?
-11
What is -34 + (68 - 32) - (-8 - (1 - 0))?
11
What is the value of (-27 - -20) + -6 + (-1 - -7) + -5?
-12
Evaluate -17 - (2 + (15 + -9 - 6)).
-19
What is the value of (36 - (12 - -22)) + -33?
-31
Calculate 3 + -2 + 3 + (-16 - -8).
-4
84 + -96 - (1 + (-2 - 4))
-7
What is (-6 - (-5 - -4)) + -6?
-11
(-50 - -45) + (-24 - -47)
18
What is the value of (-1 - -5) + (3 - (-7 + (-1 - -9)))?
6
-17 + (13 + -6 - -5) + -17
-22
Evaluate -1 + 3 + 4 + -7 - -7.
6
What is (-2 - -4) + 6 + (-9 - 17)?
-18
What is (26 - 35 - -20) + -3?
8
What is -31 - (-22 - (36 - -3))?
30
What is 1 - -5 - (0 - 21 - -54)?
-27
Calculate (0 - (-11 + 18) - -1) + 8.
2
What is the value of 15 - 11 - (0 - -7)?
-3
Calculate (36 - (2 - -17)) + -56 + 2.
-37
What is -83 + 83 + (1 - -3) - -1?
5
14 - ((-52 - -64) + -2 + 14)
-10
What is -1 + 13 + (6 + -3 - -1 - 1)?
15
What is the value of (4 - (7 - 2) - -2) + 3?
4
What is the value of -29 + 34 - (6 + -14)?
13
Calculate 15 + -39 + -5 + 14 + -19.
-34
What is -14 - (11 - (18 - -7))?
0
What is the value of -1 + -2 + -12 + 188 + -196?
-23
Evaluate -2 + 7 + (1 - (8 + (-10 - -7))).
1
What is -3 + -4 + (-17 - -8)?
-16
Evaluate -88 + 81 - (17 - (-4 + 1)).
-27
What is -21 + (16 + -2 - 6) + 9?
-4
-2 + -19 - -28 - 4
3
Evaluate -19 + -9 + -3 + 12.
-19
What is the value of -10 - ((-18 - 2) + -1 + 0)?
11
Calculate (36 - 16 - 15) + -12 + (2 - 21).
-26
-5 + (5 - -7) + 3 + -10
0
What is the value of -1681 + 1695 - (33 + 1)?
-20
What is -25 - -16 - (-27 + 10)?
8
(-6 - -1) + (-5 + 1 - (-92 - -68))
15
Calculate (-17 + 3 - -2) + 0 + (1 - -4).
-7
What is the value of -11 + 6 + -35 + 50?
10
85 + -98 - (-18 + -1)
6
Calculate 9 - ((15 - 3) + 1 - 0).
-4
53 - (4 - (-13 + -11))
25
Calculate 47 + -81 + -6 + 27.
-13
What is -6 - -20 - 9 - 7 - -3?
1
14 + 5 + -21 + 7
5
(9 - (22 + -18)) + (-4 - -3 - 38)
-34
What is (-9 - (-11 + (-7 - -6) + 38)) + -2?
-37
Evaluate -2 + 2 - 4 - ((-12 - -11) + 5).
-8
Calculate -48 - -63 - (9 - -3).
3
What is the value of (6 - ((-4 - (-8 - 5)) + 34)) + 7?
-30
What is the value of -8 + (13 - 9) + 1?
-3
Evaluate -1 - (5 - (-6 - -9)) - -3 - 9.
-9
Calculate -17 + 30 - 22 - (-3 + 0 + 1).
-7
Evaluate -11 + (17 - -10) + -10.
6
What is -20 + (-1 + 8 - (23 + -5 + -17))?
-14
Calculate (0 - -15) + -8 + -1 + 5 + 0.
11
What is the value of 3 + (13 - -2) + -11 + -20?
-13
What is (54 - (7 + 13)) + (-10 - -1)?
25
What is -2 + 10 - (-155 - -166)?
-3
What is the value of (-12 - 1) + (-151 - -152)?
-12
Calculate (1 - (-2 - 7)) + -8 + -1.
1
What is -19 + (-9 - 13 - -26)?
-15
What is (-20 + 15 - -11) + -5 - (-23 - 0)?
24
What is the value of (18 - -1) + (-347 - -339)?
11
What is the value of 5 + -2 + (3 - (2 + (1 - -4)))?
-1
Evaluate 2 + -6 + 0 + 8 + -28 + 18.
-6
What is (-4 - 0 - 1) + (-9 - (10 + -12))?
-12
What is 18 - ((14 - 19) + 25)?
-2
Calculate 38 - 30 - (5 + (-2 - (11 + 2))).
18
5 - 10 - (43 + (2 - 33))
-17
What is the value of -13 + -3 - (-23 - (-34 - -20))?
-7
Evaluate 29 + (-33 - (6 - 29)).
19
Calculate -7 + 1 - (-3 - 7) - -14.
18
-40 - (-48 - -36) - -25
-3
Calculate -4 + 15 + -13 + (-1 + 11 - 1).
7
What is 5 + -1 + 0 - (19 - 12 - -5)?
-8
12 - (37 - (0 - -18))
-7
Calculate (-42 - -43) + -15 + 0 - 5.
-19
Calculate -19 + (31 - 11) + -19.
-18
Calculate -48 + 34 + -2 + 2 + 4 + -3.
-13
Evaluate (26 - 4) + -7 + 8 + -3.
20
What is -1 + 8 - (-51 + 31 + 22)?
5
What is the value of 3 + (-11 + -2 + 5 - (-4 + -1))?
0
Evaluate 20 + 0 - (7 + (-29 - -42) - 15).
15
Calculate (-3 - (-1 + 0)) + -3 + (2 - -7).
4
4 + -1 + -7 + 5 + -8
-7
Evaluate -3 - 17 - (15 - (-38 + 59)).
-14
Evaluate (5 - (-31 + 15)) + -4.
17
Evaluate (-6 - 1) + -55 + 5 + 26.
-31
What is the value of (-37 + 15 - (-5 - 0)) + 44?
27
Calculate 5 + (-3 + -2 - -10).
10
Evaluate 9 + (248 + -253 - (0 - 1)).
5
Evaluate 3 + 1 + -1 + -13 - (26 + -21).
-15
Evaluate 3 + 1 + -37 + -8 + 54.
13
Calculate -37 - -38 - (-2 + (-1 - 0) + -1).
5
Evaluate 10 + (2 - (1 - -4)) + (0 - 6).
1
What is the value of -7 - -2 - 6 - (-12 - 1)?
2
-13 - (-30 - 3 - -7 - -11)
2
(24 - -1 - 5 - -3) + -10
13
What is (-2 - -15) + (98 - 96)?
15
What is the value of -8 + (-1 - -8) - (7 + (-1 - -1))?
-8
Evaluate 204 - 196 - (10 - (2 - 4)).
-4
What is the value of (2 - 6) + (-1 - (-14 + 15 + -9))?
3
What is (-7 - 1) + ((-2 - 9) + 13 - 12)?
-18
Evaluate -6 - (-9 + -21 + 24).
0
What is the value of -21 - (38 - 19 - 45)?
5
-804 - -791 - (-8 + (3 - 2))
-6
What is -13 + 23 + -32 + 15?
-7
Evaluate (0 - -11) + -6 + (10 - (-12 + 9)).
18
6 + -2 - (-35 - -32)
7
Calculate -27 - ((4 - -5 - 25) + 22).
-33
What is the value of -9 + -11 + -3 - -16?
-7
What is (7 - (6 - (0 - -3))) + -3?
1
Calculate (-12 + -3 + 29 - (10 + 0)) + 7.
11
Evaluate 1 + 2 + -14 + (18 - 9 - 8).
-10
What is -1361 - -1368 - (1 - (10 - 0))?
16
-8 + (10 + (-12 - 8) - -12) + -18
-24
What is the value of -6 - (-7 + 3 + -8 - (-22 + 8))?
-8
What is the value of -4 + (-2 + 10 + -18 - 1)?
-15
Evaluate -40 + 1 + -608 + 626.
-21
Evaluate (-1 - 4) + (-15 - 2) + (16 - 12).
-18
Evaluate 1 + -13 + -288 + 294.
-6
(-13 - 3) + -6 + 12
-10
3 - -25 - 27 - (5 + -1) - -18
15
What is 5 - (5 - ((12 - 4) + -3))?
5
Calculate 13 - -5 - (17 - -32).
-31
Evaluate (11 - -1) + (5 - ((-21 - -14) + 17)).
7
Evaluate (14 - -1) + (-35 - 12) + 24.
-8
(3 + -9 - 6) + 13
1
-21 - (-14 - (-6 + 1))
-12
Calculate 2 + (-6 - (-3 + -6)) - 4.
1
What is 1 + 0 + -2 + 3 + -68 + 57?
-9
Evaluate 1 + 1 - (464 - 472).
10
Calculate (-13 - -8 - 2) + 5 - -6.
4
Evaluate -3 - (-8 + 3) - 3 - (-3 - -16).
-14
-1 + 3 - 1 - (-22 + 29) - -3
-3
Calculate (-6 + -6 - (0 - 6)) + 2 + 1.
-3
What is 25 + (-10 - (-22 - -42))?
-5
(-5 - (-1 + -1)) + 10
7
Evaluate -7 - (5 - -2 - (-1 - -9)).
-6
-11 + (5 - (20 - 29))
3
What is 18 + -1 + (-16 - (-13 + 3))?
11
What is -3 - 2 - (1 + 4) - (-4 - -2)?
-8
-26 + (37 - 11) + -13
-13
(50 - 48) + (-4 - (-2 - -22))
-22
49 + (-56 - -14) + 30
37
Evaluate 0 - (-4 + -3) - (29 - 27).
5
What is the value of 11 - (1 - -38 - (38 + -28))?
-18
What is 2 + -23 + 4 + 31?
14
What is the value of 1 + ((-7 - 4) + 4 - (-25 + 31))?
-12
Calculate -1 - (30 + -32 + -10).
11
What is (19 - 29) + -17 + 7 - -4?
-16
-30 + 22 + 4 - (1 - 8)
3
What is the value of 1 - (5 + 9 + -14)?
1
What is the value of -9 + 10 + -10 - -1?
-8
Calculate 13 + (-3 - -8 - -3) - 18.
3
What is the value of -5 + -17 + 4 + 1 + (4 - 2)?
-15
Evaluate 6 + -7 + -2 + 9 - 2.
4
What is (-9 - (-21 + 11 + 11)) + 17?
7
Calculate (-16 - -53) + -12 - -1.
26
What is (-2 + 1 - (-99 + 93)) + 8?
13
What is (-8 + -2 - (-1 - 1)) + 335 + -346?
-19
Calculate -8 + -16 - -17 - (-7 - -16).
-16
Evaluate -1784 + 1749 + 23 + -1.
-13
Calculate (-1 - -23) + -4 + -15 + 29.
32
Evaluate 0 + -8 + 2 - (14 - (-2 - -30)).
8
Calculate 6 + -8 + -5 + 10 + -1 + -5.
-3
Evaluate 9 + -2 + (-7 + 11 - 0).
11
Calculate -11 + (5 - -4 - -9) - (5 + 2).
0
Evaluate -2 + -5 + 10 + 11 + 0.
14
Evaluate 50 - 42 - (3 - 0) - -1.
6
Calculate -6 + -4 - (3 + 16).
-29
What is the value of (5 - (6 - 5 - (7 + -23))) + -4?
-16
Calculate -4 + 24 + 1 + -1 + (37 - 40).
17
1 + -11 + (-324 - -326) + 12
4
What is the value of (42 + -31 - (0 - -5) - 1) + 2?
7
(7 + 3 - 7) + (-2 - (13 - 3))
-9
What is the value of -8 + 17 - (14 - -10)?
-15
5 + -3 - (4 + (-1 - 5) - -11)
-7
What is the value of 13 + 1 - (30 - 16)?
0
-53 - (-22 - (8 + -9))
-32
3 + (26 - 17) + -25 - -6
-7
What is the value of -34 + ((12 - 19) + 4 - -12)?
-25
Calculate (-50 - -41) + -2 + 29 - -17.
35
What is -7 + (2 - -1) - (4 + -2)?
-6
-12 + 5 + (-13 - -15)
-5
What is -34 - (-49 - (23 + -45))?
-7
What is 27 + -1 - (-527 + 548) - (1 + -15)?
19
Evaluate 3 + -4 + (-1 - -3) - -6.
7
What is -23 - (0 + -12 - 1)?
-10
What is 61 + -42 - (8 - (1 + (-3 - -3)))?
12
-3 + 0 + 18 - (9 - (3 + 1))
10
What is the value of 27 + 21 + -37 + 8?
19
Calculate (-4 - -11) + -10 + -8 + -7.
-18
What is (2 + -2 - -7) + -2?
5
Wh